5 + 16/10). Calculate the highest common divisor of t and p.
26
Suppose -403 = -13*s + 13. Calculate the greatest common factor of 8 and s.
8
Suppose -301 = 472*d - 479*d. Calculate the highest common factor of d and 516.
43
Suppose 0 = -5*w + 2 + 8. Suppose w*i = -5*m + 4, 3*m + 4*i + 16 = 5*m. Suppose -2*b + 20 = 5*o - b, -o + b = -4. What is the highest common divisor of m and o?
2
Suppose 21*c = -11*c + 704. What is the greatest common factor of c and 2?
2
Let j = -463 + 1593. Calculate the highest common divisor of j and 10.
10
Suppose 0 = 3*t - 0*t - 21. Let n = 29 + -8. Calculate the highest common factor of n and t.
7
Let r be 588/4 - 1 - 3. Suppose -3*s + 2*f + r = 0, f + 138 = 3*s - 2*f. What is the highest common factor of 17 and s?
17
Suppose 3 = g - 1. Suppose 4*w = 2*b + 138, -4*w + g*b = -3*w - 52. Suppose w = 2*f - 0*f. Calculate the greatest common divisor of f and 176.
16
Let c = -117 + 137. Suppose 5*o - 684 = 216. What is the greatest common divisor of o and c?
20
Let z(l) = -2*l**2 + 36*l + 47. Let k be z(19). Let d = 77 - 5. Calculate the greatest common factor of k and d.
9
Let p(v) = v**2 - 3. Let u = 9 - 6. Let h be p(u). Let d(q) = -4*q**3 + 3*q**2 + q. Let g be d(-2). What is the greatest common factor of h and g?
6
Let k be (-1 - -2) + (-10)/(-5) + 0. Suppose -k*j - 5*b = 7 - 0, -j - 4 = 2*b. Calculate the greatest common factor of j and 54.
6
Suppose -4*r + 24 = -4*n, -5*r = -4*r + n + 4. Let b = 8 + -6. Suppose -5 - b = -m. What is the highest common divisor of r and m?
1
Suppose 0*k - 12 = -4*k - 4*h, -4*k - 3*h = -16. Suppose k*u - 106 = -1. Calculate the highest common divisor of u and 75.
15
Let j(p) = p**2 - 13*p + 6. Let o be j(10). Let t be -72*6*3/o. Let m = 17 - -19. What is the greatest common factor of m and t?
18
Suppose 50*q = 55*q - 315. Let m(h) = h. Let w be m(4). Suppose -2*j + w*j - 14 = 0. Calculate the highest common divisor of j and q.
7
Let s be (-6)/(-9) - 13/(-3). Calculate the highest common divisor of s and 95.
5
Let k be (-90)/(-8)*(-400)/(-60). Calculate the greatest common divisor of k and 200.
25
Let w = 134 + -74. What is the highest common factor of w and 40?
20
Let w = 617 + -606. Suppose 4*k + 0 - 16 = 0. Suppose -o - o + 4 = 0, k*z = -2*o + 136. What is the highest common divisor of z and w?
11
Let k(o) = o**2 + 7*o - 5. Let p be k(7). Suppose -5*m + p = y, -7*m = 4*y - 3*m - 420. What is the greatest common factor of 12 and y?
12
Let y(o) = 40*o - 86. Let b be y(5). Calculate the highest common divisor of 399 and b.
57
Let w(v) = 2*v**2 - 5*v + 8. Let j be w(8). Suppose 5*p = p + j. Let o = 134 - 74. Calculate the greatest common factor of o and p.
12
Let i = -192 - -405. Suppose -2*b + 95 = -i. Calculate the greatest common divisor of b and 22.
22
Let c(o) = 3*o**2 + 7*o + 6. Let s be c(-6). Suppose -9*f + s = -27. Calculate the greatest common factor of f and 33.
11
Let o(i) = i**2 - 4*i - 10. Let c be o(9). Suppose 12*m + 9 = 129. Calculate the greatest common divisor of c and m.
5
Let i = -328 - -463. Let x(d) = d**2 + 2*d + 6. Let l be x(4). Calculate the greatest common factor of i and l.
15
Suppose 16*v = 630 + 666. What is the highest common factor of 135 and v?
27
Suppose 18 = 5*t - 3*j, t + 0 = -j + 10. Calculate the highest common factor of t and 2790.
6
Let g = -1033 - -1109. Calculate the greatest common divisor of g and 6.
2
Suppose -2*s = 2*s - 20. Suppose 3*f = -s*l - 74, -5*f + f - 72 = 5*l. Let b be (l/10 + 1)*-10. What is the highest common factor of 54 and b?
6
Suppose -139 = 2*g - 3*d, 3*g = 4*g - 4*d + 67. Let h = g + 80. Calculate the greatest common divisor of 72 and h.
9
Suppose -55*f - 202 = -58*f - 2*r, 39 = f - 5*r. Calculate the highest common factor of 512 and f.
64
Suppose -45 + 18 = -p. Let y = 16967 + -16859. What is the greatest common divisor of y and p?
27
Let b be (3 + -19)*(2 - 4). Suppose 4*v + b = 4*h, 2*h = -h - 2*v + 39. What is the highest common factor of 22 and h?
11
Suppose -5*t + 1 = 16. Let v be t + 4 - (-1 - 1). Suppose -v*d + 4 = d. What is the highest common factor of 1 and d?
1
Suppose 46 = -g + 59. What is the highest common factor of g and 65?
13
Let b be (-87 - -7)*5/(-10). What is the highest common divisor of 500 and b?
20
Let k be (1 + 2/3)/(4/12). What is the greatest common divisor of k and 13?
1
Let y be (36/8 + -3)*1008/14. Let k(m) = 6*m**2 + 2*m - 1. Let j be k(2). What is the highest common divisor of j and y?
27
Suppose -5*d = -3*d + 8, -3*x = -3*d. Let j be (x/(-6))/(3/54). Calculate the highest common divisor of 60 and j.
12
Let v(x) = 5 - 6*x - 2 - 2 + 7*x**2 - x**3. Let t be v(5). Calculate the greatest common divisor of t and 63.
21
Let q be -1 + 2 - (-617 + -1)/6. Calculate the greatest common factor of q and 24.
8
Let z be ((-1)/1)/(3/(-9)). Suppose 3*g - 2 = 4. Suppose g*b = -3*k + 27 + 26, 2*k = 4*b + 62. Calculate the greatest common divisor of z and k.
3
Let c be (-30)/(-135) + (572/(-18))/(-1). Suppose 2*z - 7 = -1. Let a be 1 - (-1)/(1/z). Calculate the highest common factor of a and c.
4
Let c = 3 + 1. Let h be ((-6)/(-2))/((-2)/(-4)). Let u(b) = b - 2. Let p be u(h). Calculate the highest common divisor of c and p.
4
Suppose -4*g = -8, -s = -4*s - 2*g - 386. Let r be (-258)/(-13) - 20/s. Calculate the greatest common factor of 50 and r.
10
Let s be (-8)/(-6) + (-1 - (-16)/24). Calculate the highest common factor of 31 and s.
1
Let f(x) = 2 + 0 - 2*x - 2*x. Let z(p) = -2*p**2 + 9*p - 5. Let u be z(4). Let g be f(u). Calculate the highest common divisor of g and 30.
6
Suppose -5*z - 4*r = -1048, -3*z + 8*r = 6*r - 642. Let j = z + -146. What is the highest common divisor of j and 6?
6
Suppose 0*n + 77 = n. Suppose 4*v + 1 = n. Suppose 2*d = 25 - v. What is the highest common divisor of d and 3?
3
Let r be (-70)/(-4) - (-17 + (-551)/(-38)). Let v(c) = -39*c + 1. Let l be v(-1). What is the greatest common divisor of r and l?
20
Suppose 4*g - 66 = -3*j, 5*j = 146*g - 141*g - 100. What is the greatest common factor of 3474 and g?
18
Let q = 1269 - 1254. What is the greatest common divisor of q and 135?
15
Let g(x) = -x**3 - 12*x**2 - 9*x - 14. Let i be g(-12). Calculate the greatest common divisor of 2 and i.
2
Let n(i) = i**2 + 1. Let k be n(1). Suppose 0 = k*f + 10 - 2. Let x be -44*(-22)/f*-1. What is the greatest common divisor of 22 and x?
22
Let t be (3/(-12)*254)/((-28)/56). Calculate the greatest common divisor of t and 3429.
127
Let g(a) be the third derivative of 1/2*a**3 + 1/4*a**4 + 0*a + 0 - 12*a**2. Let x be g(5). Calculate the highest common divisor of 99 and x.
33
Let i(c) = 15*c + 4. Let d be i(-4). Let y = -32 - d. Let o = -26 + 38. What is the greatest common factor of y and o?
12
Suppose -2*y = -2*m - 34, -5*y + 550*m + 81 = 547*m. Let b(u) = -u**3 + 9*u**2 - 7*u + 7. Let i be b(8). Calculate the highest common divisor of i and y.
15
Let u be (-7)/3 + 1 - (-3572)/114. Calculate the greatest common divisor of 240 and u.
30
Let m(n) = -25*n**2 - 3. Let v(a) = -102*a**2 - 14. Let j(t) = -9*m(t) + 2*v(t). Let h = 1 - 0. Let f be j(h). Calculate the highest common divisor of 5 and f.
5
Let f be 8 + 1 + -45 + 42. Calculate the greatest common divisor of 226 and f.
2
Let f(x) = 2*x + 48. Let a be f(-2). Calculate the greatest common divisor of a and 12.
4
Suppose 25*p = -36*p + 1769. What is the greatest common divisor of 145 and p?
29
Let c be 1/(-2)*(4 - -3 - 937). Calculate the highest common factor of c and 15.
15
Suppose -21*z - 2176 = -29*z. What is the highest common divisor of z and 170?
34
Let d = -371 - -374. Calculate the highest common factor of d and 258.
3
Let r = 3 + 0. Suppose -i + 49 = r*i - 5*x, i = x + 11. Suppose -4*t = -k - 99, -5*k + 18 = 2*t - 15. Calculate the greatest common factor of t and i.
6
Let x = -177 + 641. Calculate the highest common divisor of x and 8.
8
Suppose -5*f - 110 = -d, 3*f + f = 16. Let g = 157 - 131. What is the greatest common divisor of g and d?
26
Let a be (1 + 5/4)*4. Suppose 11*w - 270 = -4*w. Calculate the highest common factor of a and w.
9
Let c = -1514 + 4099. Calculate the highest common factor of 55 and c.
55
Let x be 1 - (-49 - (-4 - -2)). Let l = 427 - 355. What is the highest common factor of l and x?
24
Suppose 50 = -2*h + 7*